
What is the highest common divisor of 11269 and 5133?
59
What is the greatest common factor of 14807 and 14832259?
871
What is the highest common divisor of 171 and 4341123?
9
What is the highest common factor of 18428348 and 824?
412
What is the highest common factor of 13790540 and 2525?
505
Calculate the greatest common divisor of 16 and 222307312.
16
What is the highest common divisor of 3145706 and 14?
2
What is the greatest common divisor of 1581 and 3427455?
51
What is the greatest common divisor of 449649 and 1175?
47
What is the greatest common divisor of 365330 and 602378?
238
What is the greatest common divisor of 9 and 231810651?
9
What is the greatest common divisor of 552 and 328632?
24
What is the greatest common divisor of 314 and 217322383?
157
What is the greatest common divisor of 41696068 and 688?
172
What is the highest common factor of 6824 and 17573506?
1706
What is the greatest common factor of 37458 and 1044491358?
12486
Calculate the highest common factor of 5412220 and 1145800.
6740
What is the highest common divisor of 17523 and 52371?
99
What is the highest common factor of 4544 and 6731084?
284
What is the highest common factor of 16102 and 3828624?
166
What is the greatest common divisor of 7867776 and 8736?
672
What is the greatest common divisor of 8032 and 19264?
32
What is the highest common factor of 1725 and 324?
3
What is the highest common divisor of 5616 and 225382716?
1404
What is the highest common factor of 3142336 and 384?
64
Calculate the highest common divisor of 47418912 and 1917.
1917
Calculate the greatest common divisor of 1681652 and 483343.
203
What is the highest common divisor of 301621539 and 3507?
501
What is the highest common divisor of 60855 and 602235?
15
What is the greatest common divisor of 51362901 and 18?
9
Calculate the highest common factor of 113710 and 390150381.
11371
Calculate the highest common divisor of 525110476 and 242.
242
Calculate the highest common divisor of 1398408 and 1320.
264
Calculate the highest common factor of 37355100 and 2460.
2460
What is the greatest common divisor of 6 and 620657?
1
What is the greatest common divisor of 27243275 and 937?
937
What is the greatest common divisor of 17088 and 192?
192
Calculate the greatest common divisor of 66 and 98812318.
22
What is the highest common factor of 837 and 1585464?
93
Calculate the greatest common factor of 11802 and 4499934.
1686
What is the highest common factor of 61321 and 34275683?
689
Calculate the greatest common divisor of 501764245 and 235.
235
Calculate the highest common factor of 8564 and 49908851.
2141
Calculate the greatest common factor of 3179816 and 245346.
206
Calculate the highest common factor of 12496 and 3562212.
284
Calculate the greatest common divisor of 211 and 16519612.
211
What is the highest common divisor of 72471 and 20494299?
2499
What is the highest common divisor of 682031 and 24304?
1519
Calculate the greatest common factor of 2021 and 41141027.
47
What is the highest common factor of 17535375 and 313920?
4905
Calculate the greatest common factor of 12447 and 7587.
27
Calculate the highest common divisor of 37514600 and 920.
40
What is the greatest common divisor of 16773452 and 1405?
281
Calculate the highest common factor of 25069 and 24811.
43
What is the greatest common divisor of 9710668 and 996?
332
Calculate the greatest common divisor of 10304 and 8920044.
644
What is the highest common divisor of 28 and 2214560?
4
Calculate the greatest common factor of 8428203 and 28.
7
What is the highest common divisor of 162 and 3618462?
6
Calculate the highest common factor of 70186224 and 30.
6
Calculate the highest common divisor of 7930 and 1543048.
26
Calculate the highest common factor of 90 and 11883930.
30
Calculate the highest common factor of 34133241 and 4251.
327
Calculate the greatest common factor of 3177 and 45356264.
353
Calculate the highest common divisor of 2176 and 48417536.
128
What is the highest common divisor of 24524 and 736?
4
Calculate the highest common factor of 25480 and 62440.
280
What is the highest common divisor of 1008 and 5297712?
336
Calculate the greatest common factor of 1000 and 1038393000.
1000
Calculate the highest common divisor of 56 and 4026296.
8
What is the greatest common divisor of 52542 and 71874?
54
What is the highest common divisor of 109 and 167532019?
109
Calculate the greatest common factor of 4392081 and 21.
3
Calculate the greatest common divisor of 389985 and 1695.
15
Calculate the greatest common factor of 5776008 and 336.
168
What is the highest common factor of 3840487 and 289?
17
What is the highest common divisor of 22 and 11632379?
11
What is the highest common divisor of 611824 and 288?
16
Calculate the highest common divisor of 71684 and 328.
4
What is the highest common divisor of 61 and 179726557?
61
Calculate the greatest common factor of 4252 and 1582807.
1063
What is the greatest common divisor of 72442644 and 12?
12
What is the greatest common divisor of 5502 and 46490066?
1834
What is the highest common factor of 22736 and 145232?
464
What is the greatest common divisor of 13895202 and 333?
111
Calculate the greatest common divisor of 707 and 616448.
7
Calculate the greatest common factor of 828 and 112371084.
36
Calculate the greatest common factor of 605 and 34240217.
121
What is the greatest common factor of 78444575 and 109?
109
Calculate the highest common divisor of 2016 and 5138.
14
Calculate the highest common divisor of 5173 and 36229475.
739
Calculate the greatest common divisor of 5530016 and 256.
32
Calculate the greatest common factor of 1497 and 61998.
3
Calculate the greatest common factor of 481 and 2146430.
13
What is the greatest common factor of 125 and 131891850?
25
What is the greatest common factor of 20 and 138522?
2
What is the greatest common divisor of 4195 and 1018646680?
4195
Calculate the greatest common divisor of 1522776 and 3752.
536
Calculate the greatest common divisor of 892 and 16204.
4
What is the greatest common divisor of 46935 and 1253?
7
Calculate the highest common factor of 20010 and 2519926.
1334
Calculate the greatest common divisor of 8143720 and 200.
40
What is the highest common divisor of 17831577 and 4344?
543
What is the greatest common factor of 82319454 and 16686?
1854
Calculate the greatest common divisor of 100613142 and 1134.
126
What is the greatest common factor of 88111 and 1071?
17
Calculate the highest common factor of 1247215 and 7955.
215
What is the greatest common divisor of 3 and 54187?
1
What is the highest common factor of 328 and 13516768?
8
What is the highest common divisor of 16278071 and 15223?
1171
Calculate the greatest common divisor of 247 and 1102874.
19
What is the greatest common divisor of 186661 and 333902?
73
Calculate the highest common divisor of 98110945 and 39805.
2095
Calculate the highest common divisor of 179961 and 111366.
807
Calculate the highest common divisor of 100061 and 45193.
43
Calculate the highest common factor of 1171971 and 35631.
963
What is the highest common divisor of 700 and 172819300?
100
What is the highest common divisor of 3584 and 10968448?
128
Calculate the greatest common factor of 264 and 125098.
2
What is the highest common factor of 16118112 and 1516?
1516
What is the highest common divisor of 2001597 and 39?
39
What is the greatest common divisor of 27172467 and 37?
37
What is the highest common factor of 620606 and 13253?
457
What is the greatest common factor of 351042 and 352641?
123
What is the highest common factor of 7298152 and 18?
2
What is the highest common divisor of 414 and 23130?
18
Calculate the greatest common divisor of 610727 and 16861.
13
Calculate the highest common factor of 7041342 and 8.
2
What is the highest common divisor of 7042 and 235490516?
1006
Calculate the greatest common divisor of 18067 and 97989.
89
What is the highest common divisor of 630 and 201130?
10
Calculate the greatest common factor of 88997 and 249.
1
What is the highest common divisor of 403802476 and 56?
28
What is the greatest common factor of 9672 and 11986026?
2418
What is the greatest common factor of 1153736 and 68150?
58
What is the highest common divisor of 153 and 622829?
17